|FAILURE| pw127725 [PATCH] [v1] bus/pci: get PCI address from rte_de
dpdklab at iol.unh.edu
dpdklab at iol.unh.edu
Sat Jun 10 01:02:51 CEST 2023
Test-Label: iol-aarch64-compile-testing
Test-Status: FAILURE
http://dpdk.org/patch/127725
_Testing issues_
Submitter: Elena Agostini <eagostini at nvidia.com>
Date: Tuesday, May 30 2023 11:42:02
DPDK git baseline: Repo:dpdk
Branch: master
CommitID:c9df59bcc9bec67783de98486879594e52bdc418
127725 --> testing fail
Test environment and result as below:
+----------------------------------------+--------------------+
| Environment | dpdk_meson_compile |
+========================================+====================+
| Fedora 37 (ARM) | FAIL |
+----------------------------------------+--------------------+
| Ubuntu 20.04 ARM GCC Cross Compile | FAIL |
+----------------------------------------+--------------------+
| Fedora 38 (ARM) | FAIL |
+----------------------------------------+--------------------+
| Ubuntu 20.04 (ARM) | FAIL |
+----------------------------------------+--------------------+
| CentOS Stream 9 (ARM) | FAIL |
+----------------------------------------+--------------------+
| Ubuntu 20.04 ARM SVE | FAIL |
+----------------------------------------+--------------------+
| Debian 11 (Buster) (ARM) | FAIL |
+----------------------------------------+--------------------+
| Ubuntu 20.04 ARM Clang Cross Compile | FAIL |
+----------------------------------------+--------------------+
| Ubuntu 20.04 aarch32 GCC Cross Compile | FAIL |
+----------------------------------------+--------------------+
==== 20 line log output for Ubuntu 20.04 aarch32 GCC Cross Compile (dpdk_meson_compile): ====
[514/2139] Generating rte_common_dpaax.pmd.c with a custom command.
[515/2139] Compiling C object 'drivers/a715181@@rte_common_dpaax at sha/meson-generated_.._rte_common_dpaax.pmd.c.o'.
[516/2139] Compiling C object 'drivers/a715181@@rte_common_dpaax at sta/meson-generated_.._rte_common_dpaax.pmd.c.o'.
[517/2139] Linking static target drivers/librte_common_dpaax.a.
[518/2139] Generating rte_common_dpaax.sym_chk with a meson_exe.py custom command.
[519/2139] Linking target drivers/librte_common_dpaax.so.23.2.
[520/2139] Generating symbol file 'drivers/a715181@@rte_common_dpaax at sha/librte_common_dpaax.so.23.2.symbols'.
[521/2139] Compiling C object 'app/a172ced@@dpdk-test-pipeline at exe/test-pipeline_init.c.o'.
[522/2139] Compiling C object 'drivers/a715181@@tmp_rte_net_failsafe at sta/net_failsafe_failsafe.c.o'.
[523/2139] Compiling C object 'drivers/a715181@@tmp_rte_net_enic at sta/net_enic_base_vnic_rq.c.o'.
FAILED: drivers/a715181@@tmp_rte_net_enic at sta/net_enic_base_vnic_rq.c.o
ccache arm-linux-gnueabihf-gcc -Idrivers/a715181@@tmp_rte_net_enic at sta -Idrivers -I../drivers -Idrivers/net/enic -I../drivers/net/enic -I../drivers/net/enic/base -Ilib/ethdev -I../lib/ethdev -I. -I../ -Iconfig -I../config -Ilib/eal/include -I../lib/eal/include -Ilib/eal/linux/include -I../lib/eal/linux/include -Ilib/eal/arm/include -I../lib/eal/arm/include -Ilib/eal/common -I../lib/eal/common -Ilib/eal -I../lib/eal -Ilib/kvargs -I../lib/kvargs -Ilib/telemetry/../metrics -I../lib/telemetry/../metrics -Ilib/telemetry -I../lib/telemetry -Ilib/net -I../lib/net -Ilib/mbuf -I../lib/mbuf -Ilib/mempool -I../lib/mempool -Ilib/ring -I../lib/ring -Ilib/meter -I../lib/meter -Idrivers/bus/pci -I../drivers/bus/pci -I../drivers/bus/pci/linux -Ilib/pci -I../lib/pci -Idrivers/bus/vdev -I../drivers/bus/vdev -Ilib/hash -I../lib/hash -Ilib/rcu -I../lib/rcu -fdiagnostics-color=always -pipe -D_FILE_OFFSET_BITS=64 -Wall -Winvalid-pch -Wextra -Werror -O3 -include rte_config.h -Wcast-qual -Wdeprecated -Wform
at -Wformat-nonliteral -Wformat-security -Wmissing-declarations -Wmissing-prototypes -Wnested-externs -Wold-style-definition -Wpointer-arith -Wsign-compare -Wstrict-prototypes -Wundef -Wwrite-strings -Wno-address-of-packed-member -Wno-packed-not-aligned -Wno-missing-field-initializers -Wno-pointer-to-int-cast -D_GNU_SOURCE -fPIC -march=armv8-a -mfpu=neon -DALLOW_EXPERIMENTAL_API -DALLOW_INTERNAL_API -Wno-format-truncation -DRTE_LOG_DEFAULT_LOGTYPE=pmd.net.enic -MD -MQ 'drivers/a715181@@tmp_rte_net_enic at sta/net_enic_base_vnic_rq.c.o' -MF 'drivers/a715181@@tmp_rte_net_enic at sta/net_enic_base_vnic_rq.c.o.d' -o 'drivers/a715181@@tmp_rte_net_enic at sta/net_enic_base_vnic_rq.c.o' -c ../drivers/net/enic/base/vnic_rq.c
In file included from ../drivers/bus/pci/bus_pci_driver.h:13,
from ../drivers/net/enic/base/vnic_dev.h:12,
from ../drivers/net/enic/base/vnic_rq.c:7:
../drivers/bus/pci/rte_bus_pci.h:82:59: error: 'struct rte_device' declared inside parameter list will not be visible outside of this definition or declaration [-Werror]
82 | const struct rte_pci_addr * rte_pci_get_addr(const struct rte_device *dev);
| ^~~~~~~~~~
cc1: all warnings being treated as errors
ninja: build stopped: subcommand failed.
==== End log output ====
Fedora 37 (ARM)
Kernel: Depends on container host
Compiler: gcc 12.3.1
Ubuntu 20.04 ARM GCC Cross Compile
Kernel: 5.4.0-72-generic
Compiler: aarch64-linux-gnu-gcc (Ubuntu 9.3.0-17ubuntu1~20.04) 9.3.0
Fedora 38 (ARM)
Kernel: Depends on container host
Compiler: gcc 13.1.1
Ubuntu 20.04 (ARM)
Kernel: Container Host Kernel
Compiler: gcc 9.4.0
CentOS Stream 9 (ARM)
Kernel: Container Host Kernel
Compiler: gcc 11.3.1
Ubuntu 20.04 ARM SVE
Kernel: 5.4.0-80-generic
Compiler: gcc 10.3.0 (Ubuntu 10.3.0-1ubuntu1~20.04)
Debian 11 (Buster) (ARM)
Kernel: Container Host Kernel
Compiler: gcc 10.2.1
Ubuntu 20.04 ARM Clang Cross Compile
Kernel: 5.4.0-72-generic
Compiler: clang version 10.0.0-4ubuntu1
Ubuntu 20.04 aarch32 GCC Cross Compile
Kernel: 5.4.0-72-generic
Compiler: gcc 9.3.0
To view detailed results, visit:
https://lab.dpdk.org/results/dashboard/patchsets/26451/
UNH-IOL DPDK Community Lab
To manage your email subscriptions, visit:
https://lab.dpdk.org/results/dashboard/preferences/subscriptions/
More information about the test-report
mailing list