|WARNING| pw136970-136974 [PATCH] [5/5] node: add error stats for ip
dpdklab at iol.unh.edu
dpdklab at iol.unh.edu
Wed Feb 21 23:04:46 CET 2024
Test-Label: iol-abi-testing
Test-Status: WARNING
http://dpdk.org/patch/136974
_Testing issues_
Submitter: Pavan Nikhilesh Bhagavatula <pbhagavatula at marvell.com>
Date: Wednesday, February 21 2024 16:26:08
DPDK git baseline: Repo:dpdk
Branch: master
CommitID:92d644f1d58838561d0996b2d4a9f5d276e41651
136970-136974 --> testing fail
Test environment and result as below:
+-----------------+----------+
| Environment | abi_test |
+=================+==========+
| Debian Buster | FAIL |
+-----------------+----------+
| CentOS Stream 9 | FAIL |
+-----------------+----------+
| Fedora 37 | FAIL |
+-----------------+----------+
| CentOS Stream 8 | FAIL |
+-----------------+----------+
| Fedora 38 | FAIL |
+-----------------+----------+
==== 20 line log output for Fedora 38 (abi_test): ====
Variables changes summary: 0 Removed, 0 Changed, 0 Added variable
Functions changes summary: 0 Removed, 0 Changed (1 filtered out), 0 Added (1 filtered out) functions
Variables changes summary: 0 Removed, 0 Changed (1 filtered out), 0 Added (7 filtered out) variables
Functions changes summary: 0 Removed, 0 Changed, 0 Added (3 filtered out) functions
Variables changes summary: 0 Removed, 0 Changed, 0 Added (1 filtered out) variable
Functions changes summary: 0 Removed, 0 Changed, 0 Added function
Variables changes summary: 0 Removed, 0 Changed, 0 Added (1 filtered out) variable
Functions changes summary: 0 Removed, 0 Changed, 0 Added (1 filtered out) function
Variables changes summary: 0 Removed, 0 Changed, 0 Added variable
Functions changes summary: 0 Removed, 0 Changed (39 filtered out), 0 Added (6 filtered out) functions
Variables changes summary: 0 Removed, 0 Changed (2 filtered out), 0 Added (2 filtered out) variables
Functions changes summary: 0 Removed, 0 Changed (89 filtered out), 0 Added functions
Variables changes summary: 0 Removed, 0 Changed, 0 Added variable
==== End log output ====
Debian Buster
Kernel: 5.4.0-122-generic
Compiler: gcc 8.3.0-6
CentOS Stream 9
Kernel: 4.18.0-240.10.1.el8_3.x86_64
Compiler: gcc 11.3.1 20220421
Fedora 37
Kernel: Depends on container host system
Compiler: gcc 12.3.1
CentOS Stream 8
Kernel: 4.18.0-240.10.1.el8_3.x86_64
Compiler: gcc 8.4.1 20200928
Fedora 38
Kernel: Depends on container host
Compiler: clang 16.0.3
To view detailed results, visit:
https://lab.dpdk.org/results/dashboard/patchsets/29213/
UNH-IOL DPDK Community Lab
To manage your email subscriptions, visit:
https://lab.dpdk.org/results/dashboard/preferences/subscriptions/
More information about the test-report
mailing list