|WARNING| pw136970-136974 [PATCH] [5/5] node: add error stats for ip
dpdklab at iol.unh.edu
dpdklab at iol.unh.edu
Wed Feb 21 23:09:30 CET 2024
Test-Label: iol-abi-testing
Test-Status: WARNING
http://dpdk.org/patch/136974
_Testing issues_
Submitter: Pavan Nikhilesh Bhagavatula <pbhagavatula at marvell.com>
Date: Wednesday, February 21 2024 16:26:08
DPDK git baseline: Repo:dpdk
Branch: master
CommitID:92d644f1d58838561d0996b2d4a9f5d276e41651
136970-136974 --> testing fail
Test environment and result as below:
+-----------------+----------+
| Environment | abi_test |
+=================+==========+
| Debian Buster | FAIL |
+-----------------+----------+
| CentOS Stream 9 | FAIL |
+-----------------+----------+
| Fedora 37 | FAIL |
+-----------------+----------+
| CentOS Stream 8 | FAIL |
+-----------------+----------+
| Fedora 38 | FAIL |
+-----------------+----------+
| Ubuntu 22.04 | FAIL |
+-----------------+----------+
==== 20 line log output for Ubuntu 22.04 (abi_test): ====
'uint64_t* node_error_count', at offset 832 (in bits) at rte_graph.h:228:1
3 data member changes:
'rte_node_t id' offset changed from 704 to 896 (in bits) (by +192 bits)
'uint64_t hz' offset changed from 768 to 960 (in bits) (by +192 bits)
'char name[64]' offset changed from 832 to 1024 (in bits) (by +192 bits)
Error: ABI issue reported for abidiff --suppr /home-local/jenkins-local/jenkins-agent/workspace/Generic-DPDK-Compile-ABI/dpdk/devtools/libabigail.abignore --no-added-syms --headers-dir1 reference/usr/local/include --headers-dir2 build_install/usr/local/include reference/usr/local/lib/x86_64-linux-gnu/librte_graph.so.24.0 build_install/usr/local/lib/x86_64-linux-gnu/librte_graph.so.24.1
ABIDIFF_ABI_CHANGE, this change requires a review (abidiff flagged this as a potential issue).
Functions changes summary: 0 Removed, 0 Changed, 0 Added function
Variables changes summary: 0 Removed, 0 Changed, 0 Added (1 filtered out) variable
Functions changes summary: 0 Removed, 0 Changed, 0 Added function
Variables changes summary: 0 Removed, 0 Changed, 0 Added (1 filtered out) variable
Functions changes summary: 0 Removed, 0 Changed, 0 Added (1 filtered out) function
Variables changes summary: 0 Removed, 0 Changed, 0 Added variable
Functions changes summary: 0 Removed, 0 Changed (39 filtered out), 0 Added (6 filtered out) functions
Variables changes summary: 0 Removed, 0 Changed (2 filtered out), 0 Added (2 filtered out) variables
==== End log output ====
Debian Buster
Kernel: 5.4.0-122-generic
Compiler: gcc 8.3.0-6
CentOS Stream 9
Kernel: 4.18.0-240.10.1.el8_3.x86_64
Compiler: gcc 11.3.1 20220421
Fedora 37
Kernel: Depends on container host system
Compiler: gcc 12.3.1
CentOS Stream 8
Kernel: 4.18.0-240.10.1.el8_3.x86_64
Compiler: gcc 8.4.1 20200928
Fedora 38
Kernel: Depends on container host
Compiler: clang 16.0.3
Ubuntu 22.04
Kernel: 4.18.0-240.10.1.el8_3.x86_64
Compiler: gcc 11.3.0
To view detailed results, visit:
https://lab.dpdk.org/results/dashboard/patchsets/29213/
UNH-IOL DPDK Community Lab
To manage your email subscriptions, visit:
https://lab.dpdk.org/results/dashboard/preferences/subscriptions/
More information about the test-report
mailing list