|FAILURE| pw140507 [PATCH] net/virtio: fix MAC table update
    dpdklab at iol.unh.edu 
    dpdklab at iol.unh.edu
       
    Sat Jun  1 00:58:07 CEST 2024
    
    
  
Test-Label: iol-unit-amd64-testing
Test-Status: FAILURE
http://dpdk.org/patch/140507
_Testing issues_
Submitter: Satha Koteswara Rao Kottidi <skoteshwar at marvell.com>
Date: Thursday, May 30 2024 17:40:39 
DPDK git baseline: Repo:dpdk
  Branch: master
  CommitID:6f80df8cb0f889203d7cd27766abcc6ebc720e33
140507 --> testing issues
Test environment and result as below:
+------------------+----------------+
|   Environment    | dpdk_unit_test |
+==================+================+
| CentOS Stream 8  | PASS           |
+------------------+----------------+
| CentOS Stream 9  | PASS           |
+------------------+----------------+
| Debian Bullseye  | PASS           |
+------------------+----------------+
| Fedora 39        | PASS           |
+------------------+----------------+
| Fedora 37        | PASS           |
+------------------+----------------+
| Debian 12        | PASS           |
+------------------+----------------+
| Fedora 38        | PASS           |
+------------------+----------------+
| Ubuntu 22.04     | PASS           |
+------------------+----------------+
| RHEL8            | PASS           |
+------------------+----------------+
| Ubuntu 24.04     | FAIL           |
+------------------+----------------+
| Ubuntu 20.04     | PASS           |
+------------------+----------------+
| openSUSE Leap 15 | PASS           |
+------------------+----------------+
==== 20 line log output for Ubuntu 24.04 (dpdk_unit_test): ====
 --- Failed to get log output --- 
==== End log output ====
CentOS Stream 8
	Kernel: 5.4.0-167-generic
	Compiler: gcc 8.5.0 20210514
CentOS Stream 9
	Kernel: 5.4.0-167-generic
	Compiler: gcc 11.4.1 20230605
Debian Bullseye
	Kernel: 5.4.0-167-generic
	Compiler: gcc 10.2.1-6
Fedora 39
	Kernel: Depends on container host
	Compiler: gcc 13.2.1
Fedora 37
	Kernel: Depends on container host system
	Compiler: gcc 12.3.1
Debian 12
	Kernel: Container Host Kernel
	Compiler: gcc 10.2.1
Fedora 38
	Kernel: Depends on container host
	Compiler: clang 16.0.6
Ubuntu 22.04
	Kernel: 5.4.0-167-generic
	Compiler: gcc 11.4.0
RHEL8
	Kernel: 5.4.0-167-generic
	Compiler: gcc 8.5.0 20210514 (Red Hat 8.5.0-20)
Ubuntu 24.04
	Kernel: 5.4.0-167-generic
	Compiler: gcc 13.2.0
Ubuntu 20.04
	Kernel: 5.4.0-167-generic
	Compiler: gcc 9.4.0-1ubuntu1~20.04.1
openSUSE Leap 15
	Kernel: 5.4.0-167-generic
	Compiler: gcc 7.5.0
To view detailed results, visit:
https://lab.dpdk.org/results/dashboard/patchsets/30059/
UNH-IOL DPDK Community Lab
To manage your email subscriptions, visit: 
https://lab.dpdk.org/results/dashboard/preferences/subscriptions/
    
    
More information about the test-report
mailing list