|FAILURE| pw140507 [PATCH] net/virtio: fix MAC table update
    dpdklab at iol.unh.edu 
    dpdklab at iol.unh.edu
       
    Sat Jun  1 00:58:22 CEST 2024
    
    
  
Test-Label: iol-unit-arm64-testing
Test-Status: FAILURE
http://dpdk.org/patch/140507
_Testing issues_
Submitter: Satha Koteswara Rao Kottidi <skoteshwar at marvell.com>
Date: Thursday, May 30 2024 17:40:39 
DPDK git baseline: Repo:dpdk
  Branch: master
  CommitID:6f80df8cb0f889203d7cd27766abcc6ebc720e33
140507 --> testing issues
Test environment and result as below:
+-----------------------------+---------------------------+------------------------------+----------------+--------------+
|         Environment         | cryptodev_sw_zuc_autotest | cryptodev_sw_snow3g_autotest | dpdk_unit_test | lpm_autotest |
+=============================+===========================+==============================+================+==============+
| Debian 12 (arm)             | PASS                      | PASS                         | PASS           | SKIPPED      |
+-----------------------------+---------------------------+------------------------------+----------------+--------------+
| CentOS Stream 9 (ARM)       | SKIPPED                   | SKIPPED                      | PASS           | SKIPPED      |
+-----------------------------+---------------------------+------------------------------+----------------+--------------+
| Debian 11 (Buster) (ARM)    | SKIPPED                   | SKIPPED                      | PASS           | SKIPPED      |
+-----------------------------+---------------------------+------------------------------+----------------+--------------+
| Fedora 38 (ARM)             | SKIPPED                   | SKIPPED                      | PASS           | SKIPPED      |
+-----------------------------+---------------------------+------------------------------+----------------+--------------+
| Fedora 37 (ARM)             | SKIPPED                   | SKIPPED                      | PASS           | SKIPPED      |
+-----------------------------+---------------------------+------------------------------+----------------+--------------+
| Fedora 39 (ARM)             | SKIPPED                   | SKIPPED                      | PASS           | SKIPPED      |
+-----------------------------+---------------------------+------------------------------+----------------+--------------+
| 32-bit Ubuntu 20.04.4 (ARM) | SKIPPED                   | SKIPPED                      | PASS           | SKIPPED      |
+-----------------------------+---------------------------+------------------------------+----------------+--------------+
| Ubuntu 20.04 (ARM)          | SKIPPED                   | SKIPPED                      | PASS           | SKIPPED      |
+-----------------------------+---------------------------+------------------------------+----------------+--------------+
| Fedora 38 (ARM Clang)       | SKIPPED                   | SKIPPED                      | PASS           | SKIPPED      |
+-----------------------------+---------------------------+------------------------------+----------------+--------------+
| Ubuntu 24.04 (ARM)          | SKIPPED                   | SKIPPED                      | FAIL           | SKIPPED      |
+-----------------------------+---------------------------+------------------------------+----------------+--------------+
| Ubuntu 22.04 (ARM)          | SKIPPED                   | SKIPPED                      | PASS           | SKIPPED      |
+-----------------------------+---------------------------+------------------------------+----------------+--------------+
| Ubuntu 20.04 ARM SVE        | SKIPPED                   | SKIPPED                      | SKIPPED        | PASS         |
+-----------------------------+---------------------------+------------------------------+----------------+--------------+
==== 20 line log output for Ubuntu 24.04 (ARM) (dpdk_unit_test): ====
 --- Failed to get log output --- 
==== End log output ====
Debian 12 (arm)
	Kernel: Container Host Kernel
	Compiler: gcc 12.2.0
CentOS Stream 9 (ARM)
	Kernel: Container Host Kernel
	Compiler: gcc 11.4.1
Debian 11 (Buster) (ARM)
	Kernel: Container Host Kernel
	Compiler: gcc 10.2.1
Fedora 38 (ARM)
	Kernel: Depends on container host
	Compiler: gcc 13.2.1
Fedora 37 (ARM)
	Kernel: Depends on container host
	Compiler: gcc 12.3.1
Fedora 39 (ARM)
	Kernel: Depends on container host
	Compiler: gcc 13.2.1
32-bit Ubuntu 20.04.4 (ARM)
	Kernel: 5.4.0-155-generic aarch64
	Compiler: gcc 9.4
Ubuntu 20.04 (ARM)
	Kernel: Container Host Kernel
	Compiler: gcc 9.4.0
Fedora 38 (ARM Clang)
	Kernel: Depends on container host
	Compiler: clang 16.0.6
Ubuntu 24.04 (ARM)
	Kernel: 5.4.0-167-generic
	Compiler: gcc 13.2.0
Ubuntu 22.04 (ARM)
	Kernel: Container Host Kernel
	Compiler: gcc 11.4.0
Ubuntu 20.04 ARM SVE
	Kernel: 5.4.0-167-generic
	Compiler: gcc (Ubuntu 10.5.0-1ubuntu1~20.04) 10.5.0
To view detailed results, visit:
https://lab.dpdk.org/results/dashboard/patchsets/30059/
UNH-IOL DPDK Community Lab
To manage your email subscriptions, visit: 
https://lab.dpdk.org/results/dashboard/preferences/subscriptions/
    
    
More information about the test-report
mailing list