|WARNING| pw152891-152903 [PATCH] [RFC,13/13] app/dumpcap: use port

dpdklab at iol.unh.edu dpdklab at iol.unh.edu
Sat Apr 12 04:22:46 CEST 2025


Test-Label: iol-abi-testing
Test-Status: WARNING
http://dpdk.org/patch/152903

_Testing issues_

Submitter: Stephen Hemminger <stephen at networkplumber.org>
Date: Friday, April 11 2025 23:44:50 
DPDK git baseline: Repo:dpdk
  Branch: master
  CommitID:ca1690ebd224f148268285b15b97441ccdbdd07e

152891-152903 --> testing issues

Upstream job id: Generic-DPDK-Compile-ABI#123123

Test environment and result as below:

+-------------------+----------+
|    Environment    | abi_test |
+===================+==========+
| CentOS Stream 10  | FAIL     |
+-------------------+----------+
| Debian 12         | FAIL     |
+-------------------+----------+
| Fedora 40 (Clang) | FAIL     |
+-------------------+----------+
| Fedora 40         | FAIL     |
+-------------------+----------+
| RHEL8             | FAIL     |
+-------------------+----------+
| openSUSE Leap 15  | FAIL     |
+-------------------+----------+
| Fedora 41 (Clang) | FAIL     |
+-------------------+----------+
| RHEL9             | FAIL     |
+-------------------+----------+
| Fedora 41         | FAIL     |
+-------------------+----------+
| Ubuntu 24.04      | FAIL     |
+-------------------+----------+
| Ubuntu 22.04      | FAIL     |
+-------------------+----------+
| CentOS Stream 9   | FAIL     |
+-------------------+----------+

==== 20 line log output for CentOS Stream 9 (abi_test): ====
Variables changes summary: 0 Removed, 0 Changed, 0 Added variable

Functions changes summary: 0 Removed, 0 Changed (24 filtered out), 0 Added functions
Variables changes summary: 0 Removed, 0 Changed (2 filtered out), 0 Added variables

Functions changes summary: 0 Removed, 0 Changed, 0 Added (18 filtered out) functions
Variables changes summary: 0 Removed, 0 Changed, 0 Added variable

Functions changes summary: 0 Removed, 0 Changed (5 filtered out), 0 Added functions
Variables changes summary: 0 Removed, 0 Changed (2 filtered out), 0 Added variables

Functions changes summary: 0 Removed, 0 Changed (2 filtered out), 0 Added functions
Variables changes summary: 0 Removed, 0 Changed, 0 Added variable

Functions changes summary: 0 Removed, 0 Changed (1 filtered out), 0 Added function
Variables changes summary: 0 Removed, 0 Changed, 0 Added variable

Functions changes summary: 0 Removed, 0 Changed (295 filtered out), 0 Added (8 filtered out) functions
Variables changes summary: 0 Removed, 0 Changed, 0 Added variable

==== End log output ====

CentOS Stream 10
	Kernel: Depends on container host
	Compiler: gcc 14.2.1 20241104 (Red Hat 14.2.1-6)

Debian 12
	Kernel: Depends on container host
	Compiler: gcc (Debian 12.2.0-14) 12.2.0

Fedora 40 (Clang)
	Kernel: Depends on container host
	Compiler: clang 18.1.8 (Fedora 18.1.8-1.fc40)

Fedora 40
	Kernel: Depends on container host
	Compiler: gcc 14.2.1 20240912 (Red Hat 14.2.1-3)

RHEL8
	Kernel: Depends on container host
	Compiler: gcc 8.5.0 20210514 (Red Hat 8.5.0-22)

openSUSE Leap 15
	Kernel: Depends on container host
	Compiler: gcc (SUSE Linux) 7.5.0

Fedora 41 (Clang)
	Kernel: Depends on container host
	Compiler: clang 19.1.5 (Fedora 19.1.5-1.fc41)

RHEL9
	Kernel: Depends on container host
	Compiler: gcc 11.5.0 20240719 (Red Hat 11.5.0-2)

Fedora 41
	Kernel: Depends on container host
	Compiler: gcc 14.2.1 20240912 (Red Hat 14.2.1-3)

Ubuntu 24.04
	Kernel: Depends on container host
	Compiler: gcc (Ubuntu 13.3.0-6ubuntu2~24.04) 13.3.0

Ubuntu 22.04
	Kernel: Depends on container host
	Compiler: gcc (Ubuntu 11.4.0-1ubuntu1~22.04) 11.4.0

CentOS Stream 9
	Kernel: Depends on container host
	Compiler: gcc 11.5.0 20240719 (Red Hat 11.5.0-2)

To view detailed results, visit:
https://lab.dpdk.org/results/dashboard/patchsets/33000/

UNH-IOL DPDK Community Lab

To manage your email subscriptions, visit: 
https://lab.dpdk.org/results/dashboard/preferences/subscriptions/


More information about the test-report mailing list