|FAILURE| pw116421-116423 [PATCH] [v3, 3/3] test/power: add unit tests for uncore API

dpdklab at iol.unh.edu dpdklab at iol.unh.edu
Mon Sep 19 11:45:10 CEST 2022


Test-Label: iol-aarch64-unit-testing
Test-Status: FAILURE
http://dpdk.org/patch/116423

_Testing issues_

Submitter: Tadhg Kearney <tadhg.kearney at intel.com>
Date: Monday, September 19 2022 09:05:40 
DPDK git baseline: Repo:dpdk
  Branch: master
  CommitID:f8f6b1c1744e12d8d6877464a613acd1231db1a1

116421-116423 --> testing fail

Test environment and result as below:

+-------------------------------+----------------+--------------+
|          Environment          | dpdk_unit_test | lpm_autotest |
+===============================+================+==============+
| Ubuntu 20.04 ARM GCC Native   | FAIL           | SKIPPED      |
+-------------------------------+----------------+--------------+
| Ubuntu 20.04 ARM Clang Native | FAIL           | SKIPPED      |
+-------------------------------+----------------+--------------+
| Ubuntu 20.04 ARM SVE          | SKIPPED        | PASS         |
+-------------------------------+----------------+--------------+

==== 20 line log output for Ubuntu 20.04 ARM Clang Native (dpdk_unit_test): ====
[456/3509] Generating lib/fib.sym_chk with a custom command (wrapped by meson to capture output)
[457/3509] Generating lib/bbdev.sym_chk with a custom command (wrapped by meson to capture output)
[458/3509] Generating lib/rawdev.sym_chk with a custom command (wrapped by meson to capture output)
[459/3509] Generating lib/rib.sym_chk with a custom command (wrapped by meson to capture output)
[460/3509] Generating lib/sched.sym_chk with a custom command (wrapped by meson to capture output)
[461/3509] Generating lib/dmadev.sym_chk with a custom command (wrapped by meson to capture output)
[462/3509] Generating lib/hash.sym_chk with a custom command (wrapped by meson to capture output)
[463/3509] Generating lib/port.sym_chk with a custom command (wrapped by meson to capture output)
[464/3509] Generating lib/mempool.sym_chk with a custom command (wrapped by meson to capture output)
[465/3509] Generating lib/regexdev.sym_chk with a custom command (wrapped by meson to capture output)
[466/3509] Generating lib/gpudev.sym_chk with a custom command (wrapped by meson to capture output)
[467/3509] Generating lib/compressdev.sym_chk with a custom command (wrapped by meson to capture output)
[468/3509] Generating lib/cmdline.sym_chk with a custom command (wrapped by meson to capture output)
[469/3509] Generating lib/table.sym_chk with a custom command (wrapped by meson to capture output)
[470/3509] Generating lib/vhost.sym_chk with a custom command (wrapped by meson to capture output)
[471/3509] Generating lib/cryptodev.sym_chk with a custom command (wrapped by meson to capture output)
[472/3509] Generating lib/eventdev.sym_chk with a custom command (wrapped by meson to capture output)
[473/3509] Generating lib/ethdev.sym_chk with a custom command (wrapped by meson to capture output)
[474/3509] Generating lib/eal.sym_chk with a custom command (wrapped by meson to capture output)
ninja: build stopped: subcommand failed.
==== End log output ====

Ubuntu 20.04 ARM GCC Native
	Kernel: 5.4.0-53-generic
	Compiler: gcc 9.3

Ubuntu 20.04 ARM Clang Native
	Kernel: 5.4.0-53-generic
	Compiler: clang 10.0.0-4ubuntu1

Ubuntu 20.04 ARM SVE
	Kernel: 5.4.0-80-generic
	Compiler: gcc 10.3.0 (Ubuntu 10.3.0-1ubuntu1~20.04)

To view detailed results, visit:
https://lab.dpdk.org/results/dashboard/patchsets/23534/

UNH-IOL DPDK Community Lab

To manage your email subscriptions, visit: 
https://lab.dpdk.org/results/dashboard/preferences/subscriptions/


More information about the test-report mailing list