|FAILURE| pw116421-116423 [PATCH] [v3, 3/3] test/power: add unit tests for uncore API

dpdklab at iol.unh.edu dpdklab at iol.unh.edu
Mon Sep 19 11:47:14 CEST 2022


Test-Label: iol-x86_64-unit-testing
Test-Status: FAILURE
http://dpdk.org/patch/116423

_Testing issues_

Submitter: Tadhg Kearney <tadhg.kearney at intel.com>
Date: Monday, September 19 2022 09:05:40 
DPDK git baseline: Repo:dpdk
  Branch: master
  CommitID:f8f6b1c1744e12d8d6877464a613acd1231db1a1

116421-116423 --> testing fail

Test environment and result as below:

+---------------------+----------------+
|     Environment     | dpdk_unit_test |
+=====================+================+
| Ubuntu 18.04        | FAIL           |
+---------------------+----------------+
| Fedora 34 clang     | FAIL           |
+---------------------+----------------+
| RHEL 7              | FAIL           |
+---------------------+----------------+
| Ubuntu 20.04        | FAIL           |
+---------------------+----------------+
| openSUSE Leap 15    | FAIL           |
+---------------------+----------------+
| Fedora 33           | FAIL           |
+---------------------+----------------+
| Fedora 32           | FAIL           |
+---------------------+----------------+
| Fedora 31           | FAIL           |
+---------------------+----------------+
| Fedora 34           | FAIL           |
+---------------------+----------------+
| Windows Server 2019 | PASS           |
+---------------------+----------------+
| RHEL8               | FAIL           |
+---------------------+----------------+

==== 20 line log output for RHEL8 (dpdk_unit_test): ====
94/104 DPDK:fast-tests / telemetry_json_autotest  OK       0.17 s
95/104 DPDK:fast-tests / telemetry_data_autotest  OK       0.17 s
96/104 DPDK:fast-tests / table_autotest        OK       5.88 s
97/104 DPDK:fast-tests / ring_pmd_autotest     OK       0.17 s
98/104 DPDK:fast-tests / event_eth_tx_adapter_autotest  OK       0.47 s
99/104 DPDK:fast-tests / bitratestats_autotest  OK       0.17 s
100/104 DPDK:fast-tests / latencystats_autotest  OK       0.17 s
101/104 DPDK:fast-tests / pdump_autotest        OK       5.23 s
102/104 DPDK:fast-tests / vdev_autotest         OK       0.17 s
103/104 DPDK:fast-tests / compressdev_autotest  SKIP     0.17 s
104/104 DPDK:fast-tests / telemetry_all         SKIP     0.01 s

Ok:                   95
Expected Fail:         0
Fail:                  1
Unexpected Pass:       0
Skipped:               8
Timeout:               0

Full log written to /home-local/jenkins-local/jenkins-agent/workspace/Generic-Unit-Test-DPDK at 3/dpdk/build/meson-logs/testlog.txt
==== End log output ====

Ubuntu 18.04
	Kernel: 4.18.0-240.10.1.el8_3.x86_64
	Compiler: gcc 7.5.0-3ubuntu1~18.04

Fedora 34 clang
	Kernel: 5.4.0-72-generic
	Compiler: clang 12.0.0 (Fedora 12.0.0-0.3.rc1.fc34)

RHEL 7
	Kernel: 4.18.0-240.10.1.el8_3.x86_64
	Compiler: gcc 4.8.5 20150623 (Red Hat 4.8.5-44)

Ubuntu 20.04
	Kernel: 4.18.0-240.10.1.el8_3.x86_64
	Compiler: gcc 9.3.0-17ubuntu1~20.04

openSUSE Leap 15
	Kernel: 4.18.0-240.10.1.el8_3.x86_64
	Compiler: gcc 7.5.0

Fedora 33
	Kernel: 5.4.0-72-generic
	Compiler: gcc 10.3.1 20210422 (Red Hat 10.3.1-1)

Fedora 32
	Kernel: 4.18.0-240.10.1.el8_3.x86_64
	Compiler: gcc 10.2.1

Fedora 31
	Kernel: 4.18.0-240.10.1.el8_3.x86_64
	Compiler: gcc 9.3.1

Fedora 34
	Kernel: 5.4.0-72-generic
	Compiler: gcc 11.1.1 20210428 (Red Hat 11.1.1-1)

Windows Server 2019
	Kernel: 10.0
	Compiler: clang 14.0 and gcc 8.1.0 (MinGW)

RHEL8
	Kernel: 4.18.0-240.10.1.el8_3.x86_64
	Compiler: gcc 8.3.1 20191121 (Red Hat 8.3.1-5)

To view detailed results, visit:
https://lab.dpdk.org/results/dashboard/patchsets/23534/

UNH-IOL DPDK Community Lab

To manage your email subscriptions, visit: 
https://lab.dpdk.org/results/dashboard/preferences/subscriptions/


More information about the test-report mailing list