|FAILURE| pw116424 [PATCH] drivers: remove support to limit XAQ in cnxk event driver
dpdklab at iol.unh.edu
dpdklab at iol.unh.edu
Mon Sep 19 13:26:02 CEST 2022
Test-Label: iol-x86_64-unit-testing
Test-Status: FAILURE
http://dpdk.org/patch/116424
_Testing issues_
Submitter: Shijith Thotton <sthotton at marvell.com>
Date: Monday, September 19 2022 10:48:26
DPDK git baseline: Repo:dpdk
Branch: master
CommitID:f8f6b1c1744e12d8d6877464a613acd1231db1a1
116424 --> testing fail
Test environment and result as below:
+---------------------+----------------+
| Environment | dpdk_unit_test |
+=====================+================+
| Fedora 32 | FAIL |
+---------------------+----------------+
| Ubuntu 18.04 | FAIL |
+---------------------+----------------+
| openSUSE Leap 15 | FAIL |
+---------------------+----------------+
| Fedora 34 | FAIL |
+---------------------+----------------+
| RHEL 7 | FAIL |
+---------------------+----------------+
| Ubuntu 20.04 | FAIL |
+---------------------+----------------+
| RHEL8 | FAIL |
+---------------------+----------------+
| Fedora 31 | FAIL |
+---------------------+----------------+
| Fedora 33 | FAIL |
+---------------------+----------------+
| Fedora 34 clang | FAIL |
+---------------------+----------------+
| Windows Server 2019 | PASS |
+---------------------+----------------+
==== 20 line log output for Fedora 34 clang (dpdk_unit_test): ====
[738/3328] Compiling C object 'drivers/a715181@@tmp_rte_common_cnxk at sta/common_cnxk_roc_npa_debug.c.o'.
[739/3328] Compiling C object 'drivers/a715181@@tmp_rte_common_cnxk at sta/common_cnxk_roc_npa_irq.c.o'.
[740/3328] Compiling C object 'drivers/a715181@@tmp_rte_common_cnxk at sta/common_cnxk_roc_npc.c.o'.
[741/3328] Compiling C object 'drivers/a715181@@tmp_rte_common_cnxk at sta/common_cnxk_roc_npc_mcam.c.o'.
[742/3328] Compiling C object 'drivers/a715181@@tmp_rte_common_cnxk at sta/common_cnxk_roc_npc_mcam_dump.c.o'.
[743/3328] Generating rte_common_cnxk_def with a custom command.
[744/3328] Compiling C object 'drivers/a715181@@tmp_rte_common_cnxk at sta/common_cnxk_roc_npc_parse.c.o'.
[745/3328] Compiling C object 'drivers/a715181@@tmp_rte_common_cnxk at sta/common_cnxk_roc_platform.c.o'.
[746/3328] Compiling C object 'drivers/a715181@@tmp_rte_common_cnxk at sta/common_cnxk_roc_npc_utils.c.o'.
[747/3328] Compiling C object 'drivers/a715181@@tmp_rte_common_cnxk at sta/common_cnxk_roc_sso.c.o'.
FAILED: drivers/a715181@@tmp_rte_common_cnxk at sta/common_cnxk_roc_sso.c.o
clang -Idrivers/a715181@@tmp_rte_common_cnxk at sta -Idrivers -I../drivers -Idrivers/common/cnxk -I../drivers/common/cnxk -Idrivers/common/cnxk/../../bus/pci -I../drivers/common/cnxk/../../bus/pci -Idrivers/common/cnxk/../../../lib/net -I../drivers/common/cnxk/../../../lib/net -Idrivers/common/cnxk/../../../lib/ethdev -I../drivers/common/cnxk/../../../lib/ethdev -Idrivers/common/cnxk/../../../lib/meter -I../drivers/common/cnxk/../../../lib/meter -I. -I../ -Iconfig -I../config -Ilib/eal/include -I../lib/eal/include -Ilib/eal/linux/include -I../lib/eal/linux/include -Ilib/eal/x86/include -I../lib/eal/x86/include -Ilib/eal/common -I../lib/eal/common -Ilib/eal -I../lib/eal -Ilib/kvargs -I../lib/kvargs -Ilib/telemetry/../metrics -I../lib/telemetry/../metrics -Ilib/telemetry -I../lib/telemetry -Ilib/pci -I../lib/pci -Idrivers/bus/pci -I../drivers/bus/pci -I../drivers/bus/pci/linux -Ilib/mbuf -I../lib/mbuf -Ilib/mempool -I../lib/mempool -Ilib/ring -I../lib/ring -Ilib/security -I../lib/security -Ilib/cryptodev -I../lib/cryptodev -Ilib/rcu -I../lib/rcu -Ilib/net -I../lib/net -Xclang -fcolor-diagnostics -pipe -D_FILE_OFFSET_BITS=64 -Wall -Winvalid-pch -Wextra -Werror -O3 -include rte_config.h -Wcast-qual -Wdeprecated -Wformat -Wformat-nonliteral -Wformat-security -Wmissing-declarations -Wmissing-prototypes -Wnested-externs -Wold-style-definition -Wpointer-arith -Wsign-compare -Wstrict-prototypes -Wundef -Wwrite-strings -Wno-address-of-packed-member -Wno-missing-field-initializers -D_GNU_SOURCE -fPIC -march=native -DALLOW_EXPERIMENTAL_API -DALLOW_INTERNAL_API -DRTE_LOG_DEFAULT_LOGTYPE=pmd.common.cnxk -MD -MQ 'drivers/a715181@@tmp_rte_common_cnxk at sta/common_cnxk_roc_sso.c.o' -MF 'drivers/a715181@@tmp_rte_common_cnxk at sta/common_cnxk_roc_sso.c.o.d' -o 'drivers/a715181@@tmp_rte_common_cnxk at sta/common_cnxk_roc_sso.c.o' -c ../drivers/common/cnxk/roc_sso.c
../drivers/common/cnxk/roc_sso.c:380:30: error: unused parameter 'nb_xaq' [-Werror,-Wunused-parameter]
uint8_t nb_qos, uint32_t nb_xaq)
^
1 error generated.
[748/3328] Compiling C object 'drivers/a715181@@tmp_rte_common_cnxk at sta/common_cnxk_roc_sso_debug.c.o'.
[749/3328] Compiling C object 'drivers/a715181@@tmp_rte_common_cnxk at sta/common_cnxk_roc_sso_irq.c.o'.
[750/3328] Compiling C object 'drivers/a715181@@tmp_rte_common_cnxk at sta/common_cnxk_roc_tim.c.o'.
ninja: build stopped: subcommand failed.
==== End log output ====
Fedora 32
Kernel: 4.18.0-240.10.1.el8_3.x86_64
Compiler: gcc 10.2.1
Ubuntu 18.04
Kernel: 4.18.0-240.10.1.el8_3.x86_64
Compiler: gcc 7.5.0-3ubuntu1~18.04
openSUSE Leap 15
Kernel: 4.18.0-240.10.1.el8_3.x86_64
Compiler: gcc 7.5.0
Fedora 34
Kernel: 5.4.0-72-generic
Compiler: gcc 11.1.1 20210428 (Red Hat 11.1.1-1)
RHEL 7
Kernel: 4.18.0-240.10.1.el8_3.x86_64
Compiler: gcc 4.8.5 20150623 (Red Hat 4.8.5-44)
Ubuntu 20.04
Kernel: 4.18.0-240.10.1.el8_3.x86_64
Compiler: gcc 9.3.0-17ubuntu1~20.04
RHEL8
Kernel: 4.18.0-240.10.1.el8_3.x86_64
Compiler: gcc 8.3.1 20191121 (Red Hat 8.3.1-5)
Fedora 31
Kernel: 4.18.0-240.10.1.el8_3.x86_64
Compiler: gcc 9.3.1
Fedora 33
Kernel: 5.4.0-72-generic
Compiler: gcc 10.3.1 20210422 (Red Hat 10.3.1-1)
Fedora 34 clang
Kernel: 5.4.0-72-generic
Compiler: clang 12.0.0 (Fedora 12.0.0-0.3.rc1.fc34)
Windows Server 2019
Kernel: 10.0
Compiler: clang 14.0 and gcc 8.1.0 (MinGW)
To view detailed results, visit:
https://lab.dpdk.org/results/dashboard/patchsets/23535/
UNH-IOL DPDK Community Lab
To manage your email subscriptions, visit:
https://lab.dpdk.org/results/dashboard/preferences/subscriptions/
More information about the test-report
mailing list