|FAILURE| pw116424 [PATCH] drivers: remove support to limit XAQ in cnxk event driver

dpdklab at iol.unh.edu dpdklab at iol.unh.edu
Mon Sep 19 13:27:40 CEST 2022


Test-Label: iol-aarch64-unit-testing
Test-Status: FAILURE
http://dpdk.org/patch/116424

_Testing issues_

Submitter: Shijith Thotton <sthotton at marvell.com>
Date: Monday, September 19 2022 10:48:26 
DPDK git baseline: Repo:dpdk
  Branch: master
  CommitID:f8f6b1c1744e12d8d6877464a613acd1231db1a1

116424 --> testing fail

Test environment and result as below:

+-------------------------------+----------------+--------------+
|          Environment          | dpdk_unit_test | lpm_autotest |
+===============================+================+==============+
| Ubuntu 20.04 ARM GCC Native   | FAIL           | SKIPPED      |
+-------------------------------+----------------+--------------+
| Ubuntu 20.04 ARM Clang Native | FAIL           | SKIPPED      |
+-------------------------------+----------------+--------------+
| Ubuntu 20.04 ARM SVE          | SKIPPED        | PASS         |
+-------------------------------+----------------+--------------+

==== 20 line log output for Ubuntu 20.04 ARM Clang Native (dpdk_unit_test): ====
[877/3507] Compiling C object drivers/libtmp_rte_common_cnxk.a.p/common_cnxk_roc_nix_debug.c.o
[878/3507] Compiling C object drivers/libtmp_rte_common_cnxk.a.p/common_cnxk_cnxk_security.c.o
[879/3507] Compiling C object drivers/libtmp_rte_mempool_cnxk.a.p/mempool_cnxk_cnxk_mempool.c.o
[880/3507] Compiling C object drivers/libtmp_rte_common_cnxk.a.p/common_cnxk_roc_npa.c.o
[881/3507] Compiling C object drivers/libtmp_rte_mempool_cnxk.a.p/mempool_cnxk_cnxk_mempool_ops.c.o
[882/3507] Compiling C object drivers/libtmp_rte_mempool_cnxk.a.p/mempool_cnxk_cn9k_mempool_ops.c.o
[883/3507] Generating lib/eventdev.sym_chk with a custom command (wrapped by meson to capture output)
[884/3507] Compiling C object drivers/libtmp_rte_common_cnxk.a.p/common_cnxk_roc_npc.c.o
[885/3507] Compiling C object drivers/libtmp_rte_common_cnxk.a.p/common_cnxk_roc_npc_mcam.c.o
[886/3507] Compiling C object drivers/libtmp_rte_common_cnxk.a.p/common_cnxk_roc_nix_queue.c.o
[887/3507] Compiling C object drivers/libtmp_rte_common_cnxk.a.p/common_cnxk_cnxk_telemetry_nix.c.o
[888/3507] Compiling C object drivers/libtmp_rte_mempool_cnxk.a.p/mempool_cnxk_cn10k_mempool_ops.c.o
[889/3507] Compiling C object drivers/libtmp_rte_common_cnxk.a.p/common_cnxk_roc_nix_tm.c.o
[890/3507] Compiling C object drivers/libtmp_rte_dma_cnxk.a.p/dma_cnxk_cnxk_dmadev.c.o
[891/3507] Generating lib/pipeline.sym_chk with a custom command (wrapped by meson to capture output)
[892/3507] Generating drivers/rte_bus_fslmc.sym_chk with a custom command (wrapped by meson to capture output)
[893/3507] Generating drivers/rte_bus_dpaa.sym_chk with a custom command (wrapped by meson to capture output)
[894/3507] Generating lib/ethdev.sym_chk with a custom command (wrapped by meson to capture output)
[895/3507] Generating lib/eal.sym_chk with a custom command (wrapped by meson to capture output)
ninja: build stopped: subcommand failed.
==== End log output ====

Ubuntu 20.04 ARM GCC Native
	Kernel: 5.4.0-53-generic
	Compiler: gcc 9.3

Ubuntu 20.04 ARM Clang Native
	Kernel: 5.4.0-53-generic
	Compiler: clang 10.0.0-4ubuntu1

Ubuntu 20.04 ARM SVE
	Kernel: 5.4.0-80-generic
	Compiler: gcc 10.3.0 (Ubuntu 10.3.0-1ubuntu1~20.04)

To view detailed results, visit:
https://lab.dpdk.org/results/dashboard/patchsets/23535/

UNH-IOL DPDK Community Lab

To manage your email subscriptions, visit: 
https://lab.dpdk.org/results/dashboard/preferences/subscriptions/


More information about the test-report mailing list