|FAILURE| pw124809 [PATCH] log: add timestamp for log

dpdklab at iol.unh.edu dpdklab at iol.unh.edu
Mon Mar 6 10:29:07 CET 2023


Test-Label: iol-aarch64-unit-testing
Test-Status: FAILURE
http://dpdk.org/patch/124809

_Testing issues_

Submitter: luzhipeng <luzhipeng at cestc.cn>
Date: Friday, March 03 2023 09:54:35 
DPDK git baseline: Repo:dpdk
  Branch: master
  CommitID:4ef69b2877a24ddb89afaf4bb6f4e73bb52a605b

124809 --> testing fail

Test environment and result as below:

+-------------------------------+------------------------------+---------------------------+--------------+----------------+
|          Environment          | cryptodev_sw_snow3g_autotest | cryptodev_sw_zuc_autotest | lpm_autotest | dpdk_unit_test |
+===============================+==============================+===========================+==============+================+
| Debian 11                     | FAIL                         | FAIL                      | SKIPPED      | SKIPPED        |
+-------------------------------+------------------------------+---------------------------+--------------+----------------+
| Ubuntu 20.04 ARM SVE          | SKIPPED                      | SKIPPED                   | FAIL         | SKIPPED        |
+-------------------------------+------------------------------+---------------------------+--------------+----------------+
| Ubuntu 20.04 ARM GCC Native   | SKIPPED                      | SKIPPED                   | SKIPPED      | FAIL           |
+-------------------------------+------------------------------+---------------------------+--------------+----------------+
| Ubuntu 20.04 ARM Clang Native | SKIPPED                      | SKIPPED                   | SKIPPED      | FAIL           |
+-------------------------------+------------------------------+---------------------------+--------------+----------------+

==== 20 line log output for Ubuntu 20.04 ARM Clang Native (dpdk_unit_test): ====
[696/3132] Generating lib/telemetry.sym_chk with a custom command (wrapped by meson to capture output)
[697/3132] Generating lib/jobstats.sym_chk with a custom command (wrapped by meson to capture output)
[698/3132] Generating lib/metrics.sym_chk with a custom command (wrapped by meson to capture output)
[699/3132] Generating lib/lpm.sym_chk with a custom command (wrapped by meson to capture output)
[700/3132] Generating lib/rib.sym_chk with a custom command (wrapped by meson to capture output)
[701/3132] Generating lib/hash.sym_chk with a custom command (wrapped by meson to capture output)
[702/3132] Generating lib/rawdev.sym_chk with a custom command (wrapped by meson to capture output)
[703/3132] Generating lib/sched.sym_chk with a custom command (wrapped by meson to capture output)
[704/3132] Generating lib/mbuf.sym_chk with a custom command (wrapped by meson to capture output)
[705/3132] Generating lib/mempool.sym_chk with a custom command (wrapped by meson to capture output)
[706/3132] Generating lib/bbdev.sym_chk with a custom command (wrapped by meson to capture output)
[707/3132] Generating lib/power.sym_chk with a custom command (wrapped by meson to capture output)
[708/3132] Generating lib/gpudev.sym_chk with a custom command (wrapped by meson to capture output)
[709/3132] Generating lib/cmdline.sym_chk with a custom command (wrapped by meson to capture output)
[710/3132] Generating lib/regexdev.sym_chk with a custom command (wrapped by meson to capture output)
[711/3132] Generating lib/compressdev.sym_chk with a custom command (wrapped by meson to capture output)
[712/3132] Generating lib/cryptodev.sym_chk with a custom command (wrapped by meson to capture output)
[713/3132] Generating lib/eventdev.sym_chk with a custom command (wrapped by meson to capture output)
[714/3132] Generating lib/ethdev.sym_chk with a custom command (wrapped by meson to capture output)
ninja: build stopped: subcommand failed.
==== End log output ====

Debian 11
	Kernel: Container Host Kernel
	Compiler: gcc 10.2.1

Ubuntu 20.04 ARM SVE
	Kernel: 5.4.0-80-generic
	Compiler: gcc 10.3.0 (Ubuntu 10.3.0-1ubuntu1~20.04)

Ubuntu 20.04 ARM GCC Native
	Kernel: 5.4.0-53-generic
	Compiler: gcc 9.3

Ubuntu 20.04 ARM Clang Native
	Kernel: 5.4.0-53-generic
	Compiler: clang 10.0.0-4ubuntu1

To view detailed results, visit:
https://lab.dpdk.org/results/dashboard/patchsets/25619/

UNH-IOL DPDK Community Lab

To manage your email subscriptions, visit: 
https://lab.dpdk.org/results/dashboard/preferences/subscriptions/


More information about the test-report mailing list