|FAILURE| pw124809 [PATCH] log: add timestamp for log
dpdklab at iol.unh.edu
dpdklab at iol.unh.edu
Mon Mar 6 10:31:05 CET 2023
Test-Label: iol-x86_64-unit-testing
Test-Status: FAILURE
http://dpdk.org/patch/124809
_Testing issues_
Submitter: luzhipeng <luzhipeng at cestc.cn>
Date: Friday, March 03 2023 09:54:35
DPDK git baseline: Repo:dpdk
Branch: master
CommitID:4ef69b2877a24ddb89afaf4bb6f4e73bb52a605b
124809 --> testing fail
Test environment and result as below:
+---------------------+----------------+
| Environment | dpdk_unit_test |
+=====================+================+
| CentOS Stream 8 | FAIL |
+---------------------+----------------+
| Ubuntu 22.04 | FAIL |
+---------------------+----------------+
| openSUSE Leap 15 | FAIL |
+---------------------+----------------+
| RHEL 7 | FAIL |
+---------------------+----------------+
| Debian Buster | FAIL |
+---------------------+----------------+
| Debian Bullseye | FAIL |
+---------------------+----------------+
| CentOS Stream 9 | FAIL |
+---------------------+----------------+
| Windows Server 2019 | FAIL |
+---------------------+----------------+
| Ubuntu 20.04 | FAIL |
+---------------------+----------------+
| RHEL8 | FAIL |
+---------------------+----------------+
==== 20 line log output for RHEL8 (dpdk_unit_test): ====
[18/3163] Generating kvargs.sym_chk with a meson_exe.py custom command.
[19/3163] Linking target lib/librte_kvargs.so.23.1.
[20/3163] Compiling C object 'lib/76b5a35@@rte_eal at sta/eal_common_eal_common_hexdump.c.o'.
[21/3163] Compiling C object 'lib/76b5a35@@rte_eal at sta/eal_common_eal_common_fbarray.c.o'.
[22/3163] Compiling C object 'lib/76b5a35@@rte_eal at sta/eal_common_eal_common_interrupts.c.o'.
[23/3163] Compiling C object 'lib/76b5a35@@rte_eal at sta/eal_common_eal_common_launch.c.o'.
[24/3163] Compiling C object 'lib/76b5a35@@rte_eal at sta/eal_common_eal_common_lcore.c.o'.
[25/3163] Generating symbol file 'lib/76b5a35@@rte_kvargs at sha/librte_kvargs.so.23.1.symbols'.
[26/3163] Compiling C object 'lib/76b5a35@@rte_eal at sta/eal_common_eal_common_memalloc.c.o'.
[27/3163] Compiling C object 'lib/76b5a35@@rte_eal at sta/eal_common_eal_common_log.c.o'.
FAILED: lib/76b5a35@@rte_eal at sta/eal_common_eal_common_log.c.o
ccache cc -Ilib/76b5a35@@rte_eal at sta -Ilib -I../lib -I. -I../ -Iconfig -I../config -Ilib/eal/include -I../lib/eal/include -Ilib/eal/linux/include -I../lib/eal/linux/include -Ilib/eal/x86/include -I../lib/eal/x86/include -Ilib/eal/common -I../lib/eal/common -Ilib/eal -I../lib/eal -Ilib/kvargs -I../lib/kvargs -Ilib/telemetry/../metrics -I../lib/telemetry/../metrics -Ilib/telemetry -I../lib/telemetry -fdiagnostics-color=always -pipe -D_FILE_OFFSET_BITS=64 -Wall -Winvalid-pch -Wextra -Werror -O3 -include rte_config.h -Wcast-qual -Wdeprecated -Wformat -Wformat-nonliteral -Wformat-security -Wmissing-declarations -Wmissing-prototypes -Wnested-externs -Wold-style-definition -Wpointer-arith -Wsign-compare -Wstrict-prototypes -Wundef -Wwrite-strings -Wno-packed-not-aligned -Wno-missing-field-initializers -D_GNU_SOURCE -fPIC -march=native -DALLOW_EXPERIMENTAL_API -DALLOW_INTERNAL_API -Wno-format-truncation '-DABI_VERSION="23.1"' -DRTE_LIBEAL_USE_GETENTROPY -DRTE_LOG_DEFAULT_LOGTYPE=lib.eal -MD
-MQ 'lib/76b5a35@@rte_eal at sta/eal_common_eal_common_log.c.o' -MF 'lib/76b5a35@@rte_eal at sta/eal_common_eal_common_log.c.o.d' -o 'lib/76b5a35@@rte_eal at sta/eal_common_eal_common_log.c.o' -c ../lib/eal/common/eal_common_log.c
../lib/eal/common/eal_common_log.c:485:1: error: no previous prototype for 'rte_log_get_timestamp_prefix' [-Werror=missing-prototypes]
rte_log_get_timestamp_prefix(char *buf, int buf_size)
^~~~~~~~~~~~~~~~~~~~~~~~~~~~
cc1: all warnings being treated as errors
[28/3163] Compiling C object 'lib/76b5a35@@rte_eal at sta/eal_common_eal_common_mcfg.c.o'.
[29/3163] Generating telemetry.sym_chk with a meson_exe.py custom command.
[30/3163] Compiling C object 'lib/76b5a35@@rte_eal at sta/eal_common_eal_common_memory.c.o'.
ninja: build stopped: subcommand failed.
==== End log output ====
CentOS Stream 8
Kernel: 4.18.0-240.10.1.el8_3.x86_64
Compiler: gcc 8.4.1 20200928
Ubuntu 22.04
Kernel: Container Host Kernel
Compiler: gcc 12.2.1-2
openSUSE Leap 15
Kernel: 4.18.0-240.10.1.el8_3.x86_64
Compiler: gcc 7.5.0
RHEL 7
Kernel: 4.18.0-240.10.1.el8_3.x86_64
Compiler: gcc 4.8.5 20150623 (Red Hat 4.8.5-44)
Debian Buster
Kernel: 5.4.0-122-generic
Compiler: gcc 8.3.0-6
Debian Bullseye
Kernel: 5.4.0-122-generic
Compiler: gcc 10.2.1-6
CentOS Stream 9
Kernel: 4.18.0-240.10.1.el8_3.x86_64
Compiler: gcc 11.3.1 20220421
Windows Server 2019
Kernel: 10.0
Compiler: clang 14.0 and gcc 8.1.0 (MinGW)
Ubuntu 20.04
Kernel: 4.18.0-240.10.1.el8_3.x86_64
Compiler: gcc 9.3.0-17ubuntu1~20.04
RHEL8
Kernel: 4.18.0-240.10.1.el8_3.x86_64
Compiler: gcc 8.3.1 20191121 (Red Hat 8.3.1-5)
To view detailed results, visit:
https://lab.dpdk.org/results/dashboard/patchsets/25619/
UNH-IOL DPDK Community Lab
To manage your email subscriptions, visit:
https://lab.dpdk.org/results/dashboard/preferences/subscriptions/
More information about the test-report
mailing list