|FAILURE| pw133791 [PATCH] eal: add const to init function parameter
    dpdklab at iol.unh.edu 
    dpdklab at iol.unh.edu
       
    Thu Nov  2 23:40:22 CET 2023
    
    
  
Test-Label: iol-compile-amd64-testing
Test-Status: FAILURE
http://dpdk.org/patch/133791
_Testing issues_
Submitter: Bruce Richardson <bruce.richardson at intel.com>
Date: Thursday, November 02 2023 18:11:48 
DPDK git baseline: Repo:dpdk
  Branch: master
  CommitID:1025bd1c24b1be70e028c7ba0595782bce75fcc6
133791 --> testing fail
Test environment and result as below:
+---------------------+--------------------+----------------------+
|     Environment     | dpdk_meson_compile | dpdk_mingw64_compile |
+=====================+====================+======================+
| CentOS Stream 8     | FAIL               | SKIPPED              |
+---------------------+--------------------+----------------------+
| CentOS Stream 9     | FAIL               | SKIPPED              |
+---------------------+--------------------+----------------------+
| Debian Bullseye     | FAIL               | SKIPPED              |
+---------------------+--------------------+----------------------+
| Debian Buster       | FAIL               | SKIPPED              |
+---------------------+--------------------+----------------------+
| Fedora 38           | FAIL               | SKIPPED              |
+---------------------+--------------------+----------------------+
| Fedora 37           | FAIL               | SKIPPED              |
+---------------------+--------------------+----------------------+
| openSUSE Leap 15    | FAIL               | SKIPPED              |
+---------------------+--------------------+----------------------+
| Ubuntu 22.04        | FAIL               | SKIPPED              |
+---------------------+--------------------+----------------------+
| RHEL8               | FAIL               | SKIPPED              |
+---------------------+--------------------+----------------------+
| Ubuntu 20.04        | FAIL               | SKIPPED              |
+---------------------+--------------------+----------------------+
| FreeBSD 13          | FAIL               | SKIPPED              |
+---------------------+--------------------+----------------------+
| Windows Server 2019 | FAIL               | FAIL                 |
+---------------------+--------------------+----------------------+
| Alpine              | FAIL               | SKIPPED              |
+---------------------+--------------------+----------------------+
==== 20 line log output for Alpine (dpdk_meson_compile): ====
[2269/2622] Compiling C object 'lib/76b5a35@@rte_eal at sta/eal_linux_eal_memalloc.c.o'.
[2270/2622] Compiling C object 'lib/76b5a35@@rte_eal at sta/eal_linux_eal_lcore.c.o'.
[2271/2622] Compiling C object 'lib/76b5a35@@rte_eal at sta/eal_linux_eal_interrupts.c.o'.
[2272/2622] Compiling C object 'lib/76b5a35@@rte_eal at sta/eal_linux_eal_hugepage_info.c.o'.
[2273/2622] Compiling C object 'lib/76b5a35@@rte_eal at sta/eal_linux_eal_dev.c.o'.
[2274/2622] Compiling C object 'lib/76b5a35@@rte_eal at sta/eal_linux_eal_cpuflags.c.o'.
[2275/2622] Compiling C object 'lib/76b5a35@@rte_eal at sta/eal_linux_eal_alarm.c.o'.
[2276/2622] Compiling C object 'lib/76b5a35@@rte_eal at sta/eal_linux_eal.c.o'.
[01m[K../lib/eal/linux/eal.c:[m[K In function '[01m[Keal_log_level_parse[m[K':
[01m[K../lib/eal/linux/eal.c:562:17:[m[K [01;31m[Kerror: [m[Kassignment discards '[01m[Kconst[m[K' qualifier from pointer target type [[01;31m[K-Werror=discarded-qualifiers[m[K]
562 |         argvopt [01;31m[K=[m[K argv;
|                 [01;31m[K^[m[K
[01m[K../lib/eal/linux/eal.c:[m[K In function '[01m[Krte_eal_init[m[K':
[01m[K../lib/eal/linux/eal.c:1007:39:[m[K [01;31m[Kerror: [m[Kpassing argument 2 of '[01m[Keal_parse_args[m[K' discards '[01m[Kconst[m[K' qualifier from pointer target type [[01;31m[K-Werror=discarded-qualifiers[m[K]
1007 |         fctret = eal_parse_args(argc, [01;31m[Kargv[m[K);
|                                       [01;31m[K^~~~[m[K
[01m[K../lib/eal/linux/eal.c:627:33:[m[K [01;36m[Knote: [m[Kexpected '[01m[Kchar **[m[K' but argument is of type '[01m[Kchar * const*[m[K'
627 | eal_parse_args(int argc, [01;36m[Kchar **argv[m[K)
|                          [01;36m[K~~~~~~~^~~~[m[K
cc1: all warnings being treated as errors
==== End log output ====
CentOS Stream 8
	Kernel: 4.18.0-240.10.1.el8_3.x86_64
	Compiler: gcc 8.4.1 20200928
CentOS Stream 9
	Kernel: 4.18.0-240.10.1.el8_3.x86_64
	Compiler: gcc 11.3.1 20220421
Debian Bullseye
	Kernel: 5.4.0-122-generic
	Compiler: gcc 10.2.1-6
Debian Buster
	Kernel: 5.4.0-122-generic
	Compiler: gcc 8.3.0-6
Fedora 38
	Kernel: Depends on container host
	Compiler: clang 16.0.3
Fedora 37
	Kernel: Depends on container host system
	Compiler: gcc 12.3.1
openSUSE Leap 15
	Kernel: 4.18.0-240.10.1.el8_3.x86_64
	Compiler: gcc 7.5.0
Ubuntu 22.04
	Kernel: 4.18.0-240.10.1.el8_3.x86_64
	Compiler: gcc 11.3.0
RHEL8
	Kernel: 4.18.0-240.10.1.el8_3.x86_64
	Compiler: gcc 8.3.1 20191121 (Red Hat 8.3.1-5)
Ubuntu 20.04
	Kernel: 5.4.0-153-generic
	Compiler: gcc 9.4.0-1ubuntu1~20.04.1
FreeBSD 13
	Kernel: 13.0
	Compiler: clang 11.0.1
Windows Server 2019
	Kernel: 10.0
	Compiler: clang 14.0 and gcc 8.1.0 (MinGW)
Alpine
	Kernel: 5.4.0-73-generic
	Compiler: gcc (Alpine 10.3.1_git20210424) 10.3.1 20210424
To view detailed results, visit:
https://lab.dpdk.org/results/dashboard/patchsets/28206/
UNH-IOL DPDK Community Lab
To manage your email subscriptions, visit: 
https://lab.dpdk.org/results/dashboard/preferences/subscriptions/
    
    
More information about the test-report
mailing list