|FAILURE| pw133791 [PATCH] eal: add const to init function parameter

dpdklab at iol.unh.edu dpdklab at iol.unh.edu
Tue Nov 7 19:15:36 CET 2023


Test-Label: iol-unit-arm64-testing
Test-Status: FAILURE
http://dpdk.org/patch/133791

_Testing issues_

Submitter: Bruce Richardson <bruce.richardson at intel.com>
Date: Thursday, November 02 2023 18:11:48 
DPDK git baseline: Repo:dpdk
  Branch: master
  CommitID:1025bd1c24b1be70e028c7ba0595782bce75fcc6

133791 --> testing fail

Test environment and result as below:

+--------------------------+--------------+---------------------------+------------------------------+----------------+
|       Environment        | lpm_autotest | cryptodev_sw_zuc_autotest | cryptodev_sw_snow3g_autotest | dpdk_unit_test |
+==========================+==============+===========================+==============================+================+
| Ubuntu 20.04 ARM SVE     | FAIL         | SKIPPED                   | SKIPPED                      | SKIPPED        |
+--------------------------+--------------+---------------------------+------------------------------+----------------+
| Debian 11 (arm)          | SKIPPED      | FAIL                      | FAIL                         | SKIPPED        |
+--------------------------+--------------+---------------------------+------------------------------+----------------+
| CentOS Stream 9 (ARM)    | SKIPPED      | SKIPPED                   | SKIPPED                      | FAIL           |
+--------------------------+--------------+---------------------------+------------------------------+----------------+
| Debian 11 (Buster) (ARM) | SKIPPED      | SKIPPED                   | SKIPPED                      | FAIL           |
+--------------------------+--------------+---------------------------+------------------------------+----------------+
| Fedora 38 (ARM Clang)    | SKIPPED      | SKIPPED                   | SKIPPED                      | FAIL           |
+--------------------------+--------------+---------------------------+------------------------------+----------------+
| Fedora 37 (ARM)          | SKIPPED      | SKIPPED                   | SKIPPED                      | FAIL           |
+--------------------------+--------------+---------------------------+------------------------------+----------------+
| Fedora 38 (ARM)          | SKIPPED      | SKIPPED                   | SKIPPED                      | FAIL           |
+--------------------------+--------------+---------------------------+------------------------------+----------------+
| Ubuntu 20.04 (ARM)       | SKIPPED      | SKIPPED                   | SKIPPED                      | FAIL           |
+--------------------------+--------------+---------------------------+------------------------------+----------------+

==== 20 line log output for Ubuntu 20.04 (ARM) (dpdk_unit_test): ====
[71/3047] Compiling C object 'lib/76b5a35@@rte_eal at sta/eal_linux_eal_lcore.c.o'.
[72/3047] Compiling C object 'lib/76b5a35@@rte_eal at sta/eal_linux_eal.c.o'.
FAILED: lib/76b5a35@@rte_eal at sta/eal_linux_eal.c.o
ccache cc -Ilib/76b5a35@@rte_eal at sta -Ilib -I../lib -I. -I../ -Iconfig -I../config -Ilib/eal/include -I../lib/eal/include -Ilib/eal/linux/include -I../lib/eal/linux/include -Ilib/eal/arm/include -I../lib/eal/arm/include -Ilib/eal/common -I../lib/eal/common -Ilib/eal -I../lib/eal -Ilib/kvargs -I../lib/kvargs -Ilib/log -I../lib/log -Ilib/telemetry/../metrics -I../lib/telemetry/../metrics -Ilib/telemetry -I../lib/telemetry -fdiagnostics-color=always -pipe -D_FILE_OFFSET_BITS=64 -Wall -Winvalid-pch -Wextra -Werror -std=c11 -O3 -include rte_config.h -Wcast-qual -Wdeprecated -Wformat -Wformat-nonliteral -Wformat-security -Wmissing-declarations -Wmissing-prototypes -Wnested-externs -Wold-style-definition -Wpointer-arith -Wsign-compare -Wstrict-prototypes -Wundef -Wwrite-strings -Wno-address-of-packed-member -Wno-packed-not-aligned -Wno-missing-field-initializers -D_GNU_SOURCE -fPIC -march=armv8.1-a+crc+crypto -mcpu=thunderx2t99 -DALLOW_EXPERIMENTAL_API -DALLOW_INTERNAL_API -Wno-format-trunc
 ation '-DABI_VERSION="24.0"' -DRTE_LOG_DEFAULT_LOGTYPE=lib.eal -MD -MQ 'lib/76b5a35@@rte_eal at sta/eal_linux_eal.c.o' -MF 'lib/76b5a35@@rte_eal at sta/eal_linux_eal.c.o.d' -o 'lib/76b5a35@@rte_eal at sta/eal_linux_eal.c.o' -c ../lib/eal/linux/eal.c
../lib/eal/linux/eal.c: In function 'eal_log_level_parse':
../lib/eal/linux/eal.c:562:10: error: assignment discards 'const' qualifier from pointer target type [-Werror=discarded-qualifiers]
562 |  argvopt = argv;
|          ^
../lib/eal/linux/eal.c: In function 'rte_eal_init':
../lib/eal/linux/eal.c:1007:32: error: passing argument 2 of 'eal_parse_args' discards 'const' qualifier from pointer target type [-Werror=discarded-qualifiers]
1007 |  fctret = eal_parse_args(argc, argv);
|                                ^~~~
../lib/eal/linux/eal.c:627:33: note: expected 'char **' but argument is of type 'char * const*'
627 | eal_parse_args(int argc, char **argv)
|                          ~~~~~~~^~~~
cc1: all warnings being treated as errors
[73/3047] Compiling C object 'lib/76b5a35@@rte_eal at sta/eal_linux_eal_interrupts.c.o'.
[74/3047] Compiling C object 'lib/76b5a35@@rte_eal at sta/eal_linux_eal_memalloc.c.o'.
[75/3047] Compiling C object 'lib/76b5a35@@rte_eal at sta/eal_linux_eal_memory.c.o'.
ninja: build stopped: subcommand failed.
==== End log output ====

Ubuntu 20.04 ARM SVE
	Kernel: 5.4.0-80-generic
	Compiler: gcc 10.3.0 (Ubuntu 10.3.0-1ubuntu1~20.04)

Debian 11 (arm)
	Kernel: Container Host Kernel
	Compiler: gcc 10.2.1

CentOS Stream 9 (ARM)
	Kernel: Container Host Kernel
	Compiler: gcc 11.3.1

Debian 11 (Buster) (ARM)
	Kernel: Container Host Kernel
	Compiler: gcc 10.2.1

Fedora 38 (ARM Clang)
	Kernel: Depends on container host
	Compiler: clang 16.0.3

Fedora 37 (ARM)
	Kernel: Depends on container host
	Compiler: gcc 12.3.1

Fedora 38 (ARM)
	Kernel: Depends on container host
	Compiler: gcc 13.1.1

Ubuntu 20.04 (ARM)
	Kernel: Container Host Kernel
	Compiler: gcc 9.4.0

To view detailed results, visit:
https://lab.dpdk.org/results/dashboard/patchsets/28206/

UNH-IOL DPDK Community Lab

To manage your email subscriptions, visit: 
https://lab.dpdk.org/results/dashboard/preferences/subscriptions/


More information about the test-report mailing list