|FAILURE| pw148030 [PATCH] [TEST,v11] ethdev: test single queue per

dpdklab at iol.unh.edu dpdklab at iol.unh.edu
Thu Nov 7 13:42:09 CET 2024


Test-Label: iol-compile-amd64-testing
Test-Status: FAILURE
http://dpdk.org/patch/148030

_Testing issues_

Submitter: Morten Brorup <mb at smartsharesystems.com>
Date: Thursday, November 07 2024 09:26:49 
DPDK git baseline: Repo:dpdk
  Branch: master
  CommitID:9bbd44d63846cf0771ec0f1c7e1b5a63ec5e9603

148030 --> testing issues

Upstream job id: Windows-Compile-DPDK-Native#24311

Test environment and result as below:

+---------------------+--------------------+------------------+-------------------+-------------------+-----------------------+----------------------+
|     Environment     | dpdk_meson_compile | dpdk_compile_ovs | dpdk_compile_spdk | dpdk_msvc_compile | dpdk_win_llvm_compile | dpdk_mingw64_compile |
+=====================+====================+==================+===================+===================+=======================+======================+
| CentOS Stream 9     | PASS               | PASS             | PASS              | SKIPPED           | SKIPPED               | SKIPPED              |
+---------------------+--------------------+------------------+-------------------+-------------------+-----------------------+----------------------+
| Debian 12           | PASS               | PASS             | PASS              | SKIPPED           | SKIPPED               | SKIPPED              |
+---------------------+--------------------+------------------+-------------------+-------------------+-----------------------+----------------------+
| Fedora 39 (Clang)   | PASS               | PASS             | PASS              | SKIPPED           | SKIPPED               | SKIPPED              |
+---------------------+--------------------+------------------+-------------------+-------------------+-----------------------+----------------------+
| Fedora 40           | FAIL               | WARN             | WARN              | SKIPPED           | SKIPPED               | SKIPPED              |
+---------------------+--------------------+------------------+-------------------+-------------------+-----------------------+----------------------+
| Fedora 39           | FAIL               | WARN             | WARN              | SKIPPED           | SKIPPED               | SKIPPED              |
+---------------------+--------------------+------------------+-------------------+-------------------+-----------------------+----------------------+
| Fedora 40 (Clang)   | PASS               | PASS             | PASS              | SKIPPED           | SKIPPED               | SKIPPED              |
+---------------------+--------------------+------------------+-------------------+-------------------+-----------------------+----------------------+
| RHEL8               | PASS               | PASS             | SKIPPED           | SKIPPED           | SKIPPED               | SKIPPED              |
+---------------------+--------------------+------------------+-------------------+-------------------+-----------------------+----------------------+
| RHEL9               | PASS               | PASS             | SKIPPED           | SKIPPED           | SKIPPED               | SKIPPED              |
+---------------------+--------------------+------------------+-------------------+-------------------+-----------------------+----------------------+
| Ubuntu 20.04        | PASS               | PASS             | SKIPPED           | SKIPPED           | SKIPPED               | SKIPPED              |
+---------------------+--------------------+------------------+-------------------+-------------------+-----------------------+----------------------+
| Ubuntu 22.04        | PASS               | PASS             | PASS              | SKIPPED           | SKIPPED               | SKIPPED              |
+---------------------+--------------------+------------------+-------------------+-------------------+-----------------------+----------------------+
| Ubuntu 24.04        | FAIL               | WARN             | WARN              | SKIPPED           | SKIPPED               | SKIPPED              |
+---------------------+--------------------+------------------+-------------------+-------------------+-----------------------+----------------------+
| FreeBSD 13.4        | PASS               | SKIPPED          | SKIPPED           | SKIPPED           | SKIPPED               | SKIPPED              |
+---------------------+--------------------+------------------+-------------------+-------------------+-----------------------+----------------------+
| Alpine              | FAIL               | WARN             | SKIPPED           | SKIPPED           | SKIPPED               | SKIPPED              |
+---------------------+--------------------+------------------+-------------------+-------------------+-----------------------+----------------------+
| FreeBSD 14.1        | PASS               | SKIPPED          | SKIPPED           | SKIPPED           | SKIPPED               | SKIPPED              |
+---------------------+--------------------+------------------+-------------------+-------------------+-----------------------+----------------------+
| Windows Server 2022 | SKIPPED            | SKIPPED          | SKIPPED           | PASS              | PASS                  | FAIL                 |
+---------------------+--------------------+------------------+-------------------+-------------------+-----------------------+----------------------+

==== 20 line log output for Windows Server 2022 (dpdk_mingw64_compile): ====
In file included from ../drivers/net/e1000/igb_rxtx.c:34:
..\lib\ethdev/ethdev_driver.h:170:17: note: at offset 1 into destination object 'tx_queue_state' of size 1
170 |         uint8_t tx_queue_state[RTE_MAX_QUEUES_PER_PORT];
|                 ^~~~~~~~~~~~~~
../drivers/net/e1000/igb_rxtx.c:1877:54: error: writing 1 byte into a region of size 0 [-Werror=stringop-overflow=]
1877 |                         dev->data->tx_queue_state[i] = RTE_ETH_QUEUE_STATE_STOPPED;
..\lib\ethdev/ethdev_driver.h:170:17: note: at offset 1 into destination object 'tx_queue_state' of size 1
170 |         uint8_t tx_queue_state[RTE_MAX_QUEUES_PER_PORT];
|                 ^~~~~~~~~~~~~~
cc1.exe: all warnings being treated as errors
[284/765] Compiling C object lib/librte_cmdline.a.p/cmdline_cmdline.c.obj
[285/765] Generating rte_net_null.pmd.c with a custom command (wrapped by meson to set PATH)
[286/765] Generating rte_net_vmxnet3.pmd.c with a custom command (wrapped by meson to set PATH)
[287/765] Generating rte_net_i40e.pmd.c with a custom command (wrapped by meson to set PATH)
[288/765] Generating rte_net_ring.pmd.c with a custom command (wrapped by meson to set PATH)
[289/765] Generating rte_net_ixgbe.pmd.c with a custom command (wrapped by meson to set PATH)
[290/765] Generating rte_net_iavf.pmd.c with a custom command (wrapped by meson to set PATH)
[291/765] Generating rte_net_octeon_ep.pmd.c with a custom command (wrapped by meson to set PATH)
[292/765] Generating rte_net_ice.pmd.c with a custom command (wrapped by meson to set PATH)
ninja: build stopped: subcommand failed.
==== End log output ====

CentOS Stream 9
	Kernel: Depends on container host
	Compiler: gcc 11.4.1 20231218 (Red Hat 11.4.1-3)

Debian 12
	Kernel: Depends on container host
	Compiler: gcc (Debian 12.2.0-14) 12.2.0

Fedora 39 (Clang)
	Kernel: Depends on container host
	Compiler: clang 17.0.6 (Fedora 17.0.6-2.fc39)

Fedora 40
	Kernel: Depends on container host
	Compiler: gcc 14.2.1 20240801 (Red Hat 14.2.1-1)

Fedora 39
	Kernel: Depends on container host
	Compiler: gcc 13.3.1 20240522 (Red Hat 13.3.1-1)

Fedora 40 (Clang)
	Kernel: Depends on container host
	Compiler: clang 18.1.6 (Fedora 18.1.6-3.fc40)

RHEL8
	Kernel: Depends on container host
	Compiler: gcc 8.5.0 20210514 (Red Hat 8.5.0-22)

RHEL9
	Kernel: Depends on container host
	Compiler: gcc 11.4.1 20231218 (Red Hat 11.4.1-3)

Ubuntu 20.04
	Kernel: Depends on container host
	Compiler: gcc (Ubuntu 9.4.0-1ubuntu1~20.04.2) 9.4.0

Ubuntu 22.04
	Kernel: Depends on container host
	Compiler: gcc (Ubuntu 11.4.0-1ubuntu1~22.04) 11.4.0

Ubuntu 24.04
	Kernel: Depends on container host
	Compiler: gcc (Ubuntu 13.2.0-23ubuntu4) 13.2.0

FreeBSD 13.4
	Kernel: 13.4-RELEASE-p1
	Compiler: clang 18.1.6

Alpine
	Kernel: Depends on container host
	Compiler: gcc (Alpine 13.2.1_git20240309) 13.2.1 20240309

FreeBSD 14.1
	Kernel: 14.1-RELEASE-p3
	Compiler: clang 18.1.5

Windows Server 2022
	Kernel: 10.0.20348.2031
	Compiler: clang 15.0.7, gcc 14.1.0 (MinGW), and MSVC VS 19.39.33521

To view detailed results, visit:
https://lab.dpdk.org/results/dashboard/patchsets/31844/

UNH-IOL DPDK Community Lab

To manage your email subscriptions, visit: 
https://lab.dpdk.org/results/dashboard/preferences/subscriptions/


More information about the test-report mailing list