|FAILURE| pw148030 [PATCH] [TEST,v11] ethdev: test single queue per

dpdklab at iol.unh.edu dpdklab at iol.unh.edu
Thu Nov 7 14:56:05 CET 2024


Test-Label: iol-unit-arm64-testing
Test-Status: FAILURE
http://dpdk.org/patch/148030

_Testing issues_

Submitter: Morten Brorup <mb at smartsharesystems.com>
Date: Thursday, November 07 2024 09:26:49 
DPDK git baseline: Repo:dpdk
  Branch: master
  CommitID:9bbd44d63846cf0771ec0f1c7e1b5a63ec5e9603

148030 --> testing issues

Upstream job id: Generic-Unit-Test-DPDK#289082

Test environment and result as below:

+-----------------------------+----------------+--------------+------------------------------+---------------------------+
|         Environment         | dpdk_unit_test | lpm_autotest | cryptodev_sw_snow3g_autotest | cryptodev_sw_zuc_autotest |
+=============================+================+==============+==============================+===========================+
| CentOS Stream 9 (ARM)       | FAIL           | SKIPPED      | SKIPPED                      | SKIPPED                   |
+-----------------------------+----------------+--------------+------------------------------+---------------------------+
| Fedora 40 (ARM)             | WARN           | SKIPPED      | SKIPPED                      | SKIPPED                   |
+-----------------------------+----------------+--------------+------------------------------+---------------------------+
| Debian 12 (arm)             | FAIL           | SKIPPED      | PASS                         | PASS                      |
+-----------------------------+----------------+--------------+------------------------------+---------------------------+
| Fedora 39 (ARM)             | WARN           | SKIPPED      | SKIPPED                      | SKIPPED                   |
+-----------------------------+----------------+--------------+------------------------------+---------------------------+
| RHEL9 (ARM)                 | FAIL           | SKIPPED      | SKIPPED                      | SKIPPED                   |
+-----------------------------+----------------+--------------+------------------------------+---------------------------+
| Fedora 39 (ARM Clang)       | FAIL           | SKIPPED      | SKIPPED                      | SKIPPED                   |
+-----------------------------+----------------+--------------+------------------------------+---------------------------+
| Ubuntu 20.04 (ARM)          | FAIL           | SKIPPED      | SKIPPED                      | SKIPPED                   |
+-----------------------------+----------------+--------------+------------------------------+---------------------------+
| Fedora 40 (ARM Clang)       | FAIL           | SKIPPED      | SKIPPED                      | SKIPPED                   |
+-----------------------------+----------------+--------------+------------------------------+---------------------------+
| Ubuntu 22.04 (ARM)          | FAIL           | SKIPPED      | SKIPPED                      | SKIPPED                   |
+-----------------------------+----------------+--------------+------------------------------+---------------------------+
| Ubuntu 24.04 (ARM)          | WARN           | SKIPPED      | SKIPPED                      | SKIPPED                   |
+-----------------------------+----------------+--------------+------------------------------+---------------------------+
| 32-bit Ubuntu 22.04.4 (ARM) | PASS           | SKIPPED      | SKIPPED                      | SKIPPED                   |
+-----------------------------+----------------+--------------+------------------------------+---------------------------+
| Ubuntu 20.04 ARM SVE        | SKIPPED        | PASS         | SKIPPED                      | SKIPPED                   |
+-----------------------------+----------------+--------------+------------------------------+---------------------------+

==== 20 line log output for Ubuntu 24.04 (ARM) (dpdk_unit_test): ====
inlined from 'bnxt_dev_start_op' at ../drivers/net/bnxt/bnxt_ethdev.c:1813:7:
../drivers/net/bnxt/bnxt_ethdev.c:937:62: error: writing 1 byte into a region of size 0 [-Werror=stringop-overflow=]
937 |                         bp->eth_dev->data->tx_queue_state[j] =
../lib/ethdev/ethdev_driver.h: In function 'bnxt_dev_start_op':
../lib/ethdev/ethdev_driver.h:170:17: note: at offset 1 into destination object 'tx_queue_state' of size 1
170 |         uint8_t tx_queue_state[RTE_MAX_QUEUES_PER_PORT];
|                 ^~~~~~~~~~~~~~
In function 'bnxt_start_nic',
inlined from 'bnxt_dev_start_op' at ../drivers/net/bnxt/bnxt_ethdev.c:1813:7:
../drivers/net/bnxt/bnxt_ethdev.c:937:62: error: writing 1 byte into a region of size 0 [-Werror=stringop-overflow=]
937 |                         bp->eth_dev->data->tx_queue_state[j] =
../lib/ethdev/ethdev_driver.h: In function 'bnxt_dev_start_op':
../lib/ethdev/ethdev_driver.h:170:17: note: at offset [2, 4294967294] into destination object 'tx_queue_state' of size 1
170 |         uint8_t tx_queue_state[RTE_MAX_QUEUES_PER_PORT];
|                 ^~~~~~~~~~~~~~
cc1: all warnings being treated as errors
[1117/3194] Compiling C object drivers/libtmp_rte_net_bnxt.a.p/net_bnxt_bnxt_ring.c.o
[1118/3194] Generating rte_common_cnxk.sym_chk with a custom command (wrapped by meson to capture output)
[1119/3194] Compiling C object drivers/libtmp_rte_net_bnxt.a.p/net_bnxt_bnxt_hwrm.c.o
ninja: build stopped: subcommand failed.
==== End log output ====

CentOS Stream 9 (ARM)
	Kernel: Depends on container host
	Compiler: gcc 11.4.1 20231218 (Red Hat 11.4.1-3)

Fedora 40 (ARM)
	Kernel: Depends on container host
	Compiler: gcc 14.2.1 20240801 (Red Hat 14.2.1-1)

Debian 12 (arm)
	Kernel: Depends on container host
	Compiler: gcc (Debian 12.2.0-14) 12.2.0

Fedora 39 (ARM)
	Kernel: Depends on container host
	Compiler: gcc 13.3.1 20240522 (Red Hat 13.3.1-1)

RHEL9 (ARM)
	Kernel: Depends on container host
	Compiler: gcc 11.4.1 20231218 (Red Hat 11.4.1-3)

Fedora 39 (ARM Clang)
	Kernel: Depends on container host
	Compiler: clang 17.0.6 (Fedora 17.0.6-2.fc39)

Ubuntu 20.04 (ARM)
	Kernel: Depends on container host
	Compiler: gcc (Ubuntu 9.4.0-1ubuntu1~20.04.2) 9.4.0

Fedora 40 (ARM Clang)
	Kernel: Depends on container host
	Compiler: clang 18.1.6 (Fedora 18.1.6-3.fc40)

Ubuntu 22.04 (ARM)
	Kernel: Depends on container host
	Compiler: gcc (Ubuntu 11.4.0-1ubuntu1~22.04) 11.4.0

Ubuntu 24.04 (ARM)
	Kernel: Depends on container host
	Compiler: gcc (Ubuntu 13.2.0-23ubuntu4) 13.2.0

32-bit Ubuntu 22.04.4 (ARM)
	Kernel: 5.15.83+ aarch64
	Compiler: gcc (Ubuntu 11.4.0-1ubuntu1~22.04) 11.4.0

Ubuntu 20.04 ARM SVE
	Kernel: Depends on container host
	Compiler: gcc (Ubuntu 10.5.0-1ubuntu1~20.04) 10.5.0

To view detailed results, visit:
https://lab.dpdk.org/results/dashboard/patchsets/31844/

UNH-IOL DPDK Community Lab

To manage your email subscriptions, visit: 
https://lab.dpdk.org/results/dashboard/preferences/subscriptions/


More information about the test-report mailing list