|FAILURE| pw148030 [PATCH] [TEST,v11] ethdev: test single queue per

dpdklab at iol.unh.edu dpdklab at iol.unh.edu
Thu Nov 7 16:00:34 CET 2024


Test-Label: iol-compile-arm64-testing
Test-Status: FAILURE
http://dpdk.org/patch/148030

_Testing issues_

Submitter: Morten Brorup <mb at smartsharesystems.com>
Date: Thursday, November 07 2024 09:26:49 
DPDK git baseline: Repo:dpdk
  Branch: master
  CommitID:9bbd44d63846cf0771ec0f1c7e1b5a63ec5e9603

148030 --> testing issues

Upstream job id: Generic-DPDK-Compile-Meson#330608

Test environment and result as below:

+----------------------------------------+--------------------+
|              Environment               | dpdk_meson_compile |
+========================================+====================+
| RHEL9 (ARM)                            | PASS               |
+----------------------------------------+--------------------+
| Ubuntu 20.04 ARM SVE                   | PASS               |
+----------------------------------------+--------------------+
| Ubuntu 20.04 ARM GCC Cross Compile     | PASS               |
+----------------------------------------+--------------------+
| Fedora 39 (ARM)                        | FAIL               |
+----------------------------------------+--------------------+
| Debian 12 with MUSDK                   | PASS               |
+----------------------------------------+--------------------+
| Fedora 39 (ARM Clang)                  | PASS               |
+----------------------------------------+--------------------+
| Fedora 40 (ARM)                        | FAIL               |
+----------------------------------------+--------------------+
| Fedora 40 (ARM Clang)                  | PASS               |
+----------------------------------------+--------------------+
| Ubuntu 20.04 (ARM)                     | PASS               |
+----------------------------------------+--------------------+
| Ubuntu 22.04 (ARM)                     | PASS               |
+----------------------------------------+--------------------+
| Ubuntu 24.04 (ARM)                     | FAIL               |
+----------------------------------------+--------------------+
| Debian 12 (arm)                        | PASS               |
+----------------------------------------+--------------------+
| CentOS Stream 9 (ARM)                  | PASS               |
+----------------------------------------+--------------------+
| Ubuntu 20.04 ARM Clang Cross Compile   | PASS               |
+----------------------------------------+--------------------+
| Ubuntu 20.04 aarch32 GCC Cross Compile | PASS               |
+----------------------------------------+--------------------+

==== 20 line log output for Ubuntu 24.04 (ARM) (dpdk_meson_compile): ====
168 |         uint8_t rx_queue_state[RTE_MAX_QUEUES_PER_PORT];
|                 ^~~~~~~~~~~~~~
In function 'bnxt_start_nic',
inlined from 'bnxt_dev_start_op' at ../drivers/net/bnxt/bnxt_ethdev.c:1813:7:
../drivers/net/bnxt/bnxt_ethdev.c:937:62: error: writing 1 byte into a region of size 0 [-Werror=stringop-overflow=]
937 |                         bp->eth_dev->data->tx_queue_state[j] =
../lib/ethdev/ethdev_driver.h: In function 'bnxt_dev_start_op':
../lib/ethdev/ethdev_driver.h:170:17: note: at offset 1 into destination object 'tx_queue_state' of size 1
170 |         uint8_t tx_queue_state[RTE_MAX_QUEUES_PER_PORT];
|                 ^~~~~~~~~~~~~~
In function 'bnxt_start_nic',
inlined from 'bnxt_dev_start_op' at ../drivers/net/bnxt/bnxt_ethdev.c:1813:7:
../drivers/net/bnxt/bnxt_ethdev.c:937:62: error: writing 1 byte into a region of size 0 [-Werror=stringop-overflow=]
937 |                         bp->eth_dev->data->tx_queue_state[j] =
../lib/ethdev/ethdev_driver.h: In function 'bnxt_dev_start_op':
../lib/ethdev/ethdev_driver.h:170:17: note: at offset [2, 4294967294] into destination object 'tx_queue_state' of size 1
170 |         uint8_t tx_queue_state[RTE_MAX_QUEUES_PER_PORT];
|                 ^~~~~~~~~~~~~~
cc1: all warnings being treated as errors
ninja: build stopped: subcommand failed.
==== End log output ====

RHEL9 (ARM)
	Kernel: Depends on container host
	Compiler: gcc 11.4.1 20231218 (Red Hat 11.4.1-3)

Ubuntu 20.04 ARM SVE
	Kernel: Depends on container host
	Compiler: gcc (Ubuntu 10.5.0-1ubuntu1~20.04) 10.5.0

Ubuntu 20.04 ARM GCC Cross Compile
	Kernel: Depends on container host
	Compiler: aarch64-linux-gnu-gcc (Ubuntu 9.4.0-1ubuntu1~20.04.2) 9.4.0

Fedora 39 (ARM)
	Kernel: Depends on container host
	Compiler: gcc 13.3.1 20240522 (Red Hat 13.3.1-1)

Debian 12 with MUSDK
	Kernel: Depends on container host
	Compiler: gcc (Debian 12.2.0-14) 12.2.0

Fedora 39 (ARM Clang)
	Kernel: Depends on container host
	Compiler: clang 17.0.6 (Fedora 17.0.6-2.fc39)

Fedora 40 (ARM)
	Kernel: Depends on container host
	Compiler: gcc 14.2.1 20240801 (Red Hat 14.2.1-1)

Fedora 40 (ARM Clang)
	Kernel: Depends on container host
	Compiler: clang 18.1.6 (Fedora 18.1.6-3.fc40)

Ubuntu 20.04 (ARM)
	Kernel: Depends on container host
	Compiler: gcc (Ubuntu 9.4.0-1ubuntu1~20.04.2) 9.4.0

Ubuntu 22.04 (ARM)
	Kernel: Depends on container host
	Compiler: gcc (Ubuntu 11.4.0-1ubuntu1~22.04) 11.4.0

Ubuntu 24.04 (ARM)
	Kernel: Depends on container host
	Compiler: gcc (Ubuntu 13.2.0-23ubuntu4) 13.2.0

Debian 12 (arm)
	Kernel: Depends on container host
	Compiler: gcc (Debian 12.2.0-14) 12.2.0

CentOS Stream 9 (ARM)
	Kernel: Depends on container host
	Compiler: gcc 11.4.1 20231218 (Red Hat 11.4.1-3)

Ubuntu 20.04 ARM Clang Cross Compile
	Kernel: Depends on container host
	Compiler: clang 10.0.0-4ubuntu1

Ubuntu 20.04 aarch32 GCC Cross Compile
	Kernel: Depends on container host
	Compiler: gcc 9.4.0

To view detailed results, visit:
https://lab.dpdk.org/results/dashboard/patchsets/31844/

UNH-IOL DPDK Community Lab

To manage your email subscriptions, visit: 
https://lab.dpdk.org/results/dashboard/preferences/subscriptions/


More information about the test-report mailing list